**2 + g**3. List the prime factors of a(2).
2
Let v(c) = 9*c - 4. What are the prime factors of v(3)?
23
Suppose 6*p - 3*p = 3. Let x(w) = 25*w**2 - 2*w + 1. List the prime factors of x(p).
2, 3
Let f(k) = -k - 6. Let m be f(-10). Suppose z = 3*l + 23, 0*z + 4*z - 76 = m*l. What are the prime factors of z?
17
Let s(d) = -19*d - 17. List the prime factors of s(-5).
2, 3, 13
Let d(z) = 2*z**3 + 2*z + 43. What are the prime factors of d(0)?
43
Let l(q) = q**3 + 6*q**2 + 3*q - 5. Let h be l(-4). Suppose 0*k + 5 = 5*a - 5*k, 3*a = -5*k + 43. Let s = h - a. What are the prime factors of s?
3
Suppose -4*p + 6*p - 6 = 0. Suppose -5*t - 1 = 4. Let y = p + t. What are the prime factors of y?
2
What are the prime factors of 12/3 - (-49)/1?
53
Let v(x) = x + 1. Let y be v(3). Suppose -23 - 13 = -y*m. What are the prime factors of m?
3
Let u(t) = -t**2 - 6*t - 6. Let s be u(-5). What are the prime factors of -1 + s + (0 - -16)?
2, 7
Suppose 5*g = -25 + 135. What are the prime factors of g?
2, 11
Let d(y) = -2*y - 2. Let u be d(-2). Let t be ((-3)/u)/(4/(-16)). Let h = -4 + t. What are the prime factors of h?
2
Let r = -132 + 249. List the prime factors of (-12)/16 + r/12.
3
Suppose u - 2 = -u, -3*t - u = -7. Let p(l) = 0*l + 5 - t - l. List the prime factors of p(-8).
11
Let c(b) = 2*b - 2. Let w be c(5). Let n = w - 3. What are the prime factors of n?
5
What are the prime factors of (245/3 - -2) + 20/15?
5, 17
Suppose -100 = 4*y - 3*d, -3*y = -5*y + 3*d - 50. Let l = y - -35. What are the prime factors of l?
2, 5
Suppose 2*m = 5*b - 2, -2*m + 4*m = -4*b - 2. Suppose b = -0*v + v - 2. Suppose -v*o - s + 12 = 0, 0 = -5*o + 3*s + 44 + 8. List the prime factors of o.
2
Let l(z) be the third derivative of -z**6/120 + z**5/30 + z**4/12 + z**3/3 - 2*z**2. Let q be l(3). What are the prime factors of 95/10 + q/2?
3
Suppose 2*b + 2 = 2*n, b + 5*n - n - 4 = 0. Let x be (b/(-4))/(-1 + 0). Suppose o - 5*l - 2 = x, 0*o + l - 20 = -o. What are the prime factors of o?
17
Let m(v) = -v**2 - 11*v - 9. Let a = 14 - 22. List the prime factors of m(a).
3, 5
Let b(s) = -s**2 - 4*s - 1. What are the prime factors of b(-3)?
2
Let d = 40 - 15. Suppose -2*u = 3*s + d, -5*s - 12 = 5*u + 38. Let c = 7 + u. What are the prime factors of c?
2
Let a(h) = -h**2 - 4*h + 7. Let x = -11 + 6. List the prime factors of a(x).
2
Suppose -2*i = i - 51. What are the prime factors of i?
17
Let v(l) = 5*l - 2. List the prime factors of v(5).
23
Let f = -90 - -351. List the prime factors of f.
3, 29
Suppose 36 = -3*v - 3*d, v = -d + 4*d. What are the prime factors of 1115/25 - v/(-15)?
2, 11
Let o(l) be the second derivative of l**3/6 + 2*l**2 + l. Let j be o(-2). Suppose h = j*s - h - 12, 30 = 5*s + 5*h. What are the prime factors of s?
2, 3
Let g be (6/18)/(2/42). Suppose -5 = -3*p + g. Suppose -2*c + p*y = -3*c - 18, 3*c - 3*y - 21 = 0. What are the prime factors of c?
2
Let u(n) = 6*n**3 - 6*n**2. Let o(d) = 6*d**3 - 7*d**2. Let f(j) = 6*o(j) - 7*u(j). What are the prime factors of f(-1)?
2, 3
Let w(r) be the first derivative of r**2/2 + 8*r - 1. Let y be w(-5). Suppose s = y*s - 8. List the prime factors of s.
2
Let d = 5 + -6. What are the prime factors of d/(-3) - 17/(-3)?
2, 3
Let b = -5 + 25. Suppose 0 = -r - 0*r - 2*o + b, 2*o = 5*r - 52. What are the prime factors of r?
2, 3
Suppose 10 = j + 4*j. Suppose -3*o - j*b + 35 = -0*b, -5*o - 3*b + 59 = 0. What are the prime factors of o?
13
Let z(u) = u**2 - 8*u + 7. Suppose -2*s + 0*s + 15 = m, -4*s + 37 = 3*m. Let o be z(m). Suppose o = 3*d - 0*d - 21. What are the prime factors of d?
7
Suppose 10*v - 1136 = -466. List the prime factors of v.
67
Let a = -53 + 74. Let m = a - 6. What are the prime factors of m?
3, 5
Suppose f - 6 = 3. Suppose -35 = -f*g + 4*g. What are the prime factors of g?
7
Let i be (-12)/(-1 - (-14)/18). Suppose -4*o + i = -2*k, -5*o + 2*k = -3*k - 60. List the prime factors of o.
3, 5
What are the prime factors of 39 + (0/(-1) - 1)?
2, 19
Suppose -3*w + 159 = s, 3*s - 477 = -3*w - 0*w. List the prime factors of s.
3, 53
Suppose 6 = 3*i, -g + 2*i - 4 = -2. Suppose -2*o - 5*k + 48 = 0, -2*o - 3*o - g*k + 78 = 0. What are the prime factors of o?
2, 7
Let c(f) = 2*f**2 + 9*f - 31. What are the prime factors of c(7)?
2, 5, 13
Let j(g) = 17*g**2 + 4*g + 5. List the prime factors of j(-2).
5, 13
Let i = -92 + 136. What are the prime factors of i?
2, 11
Let w = 11 - 8. Let x(k) = k**3 - 3*k**2 + 3*k + 4. List the prime factors of x(w).
13
Let c(b) = b**2 - 7*b - 22. List the prime factors of c(11).
2, 11
Let v = -180 - -274. What are the prime factors of v?
2, 47
Suppose -4*m = -0*m + 64. Let g = 25 + m. List the prime factors of g.
3
Let l(z) = z**2 - 3*z - 1. What are the prime factors of l(4)?
3
Suppose -1 = g + l, -3*l - 2 - 1 = -3*g. Suppose a - 2*k - 12 = g, -a = 4*a + 5*k - 60. List the prime factors of (-2)/(-12) - (-94)/a.
2
Let k(i) = i + 18. Let q(w) = -4*w - 53. Let t(x) = 7*k(x) + 2*q(x). What are the prime factors of t(0)?
2, 5
Suppose -5*r = -r - 28. Let t = 14 + r. List the prime factors of t.
3, 7
Suppose 3*t + 39 = 2*o - 2*t, -5*o - 2*t = -141. What are the prime factors of (o/21 - 3)*-7?
2, 3
Let o(q) = -q**3 - q**2 + 3*q - 1. Let n be o(-4). Suppose n - 7 = s. List the prime factors of s.
2, 7
Suppose -4 = o + 2. What are the prime factors of (9/6)/(o/(-40))?
2, 5
Let p(s) = -s**2 - 3*s + 1. Let c be p(-2). Suppose 3*y + y = 164. Suppose -2*n = -3*l + 2*n + y, -5*l + 49 = c*n. List the prime factors of l.
11
Suppose -4*x = 2*q - 36, -q + 2*q + 3*x = 21. Let w = 10 + -4. Let a = q - w. List the prime factors of a.
2, 3
Let m = -5 - -8. List the prime factors of (13 - (m + -1)) + 2.
13
Let f(c) = -c**2 - 7*c + 1. Let u be f(-7). Suppose u + 3 = y. List the prime factors of y.
2
Suppose 8 = 2*x - p, -4*p - 25 = -5*x - 8. Let o be (4/(-10))/((-1)/x). Suppose -4*q + i + 21 = -2*q, -2*i + 12 = o*q. What are the prime factors of q?
3
Suppose -5*f = -4*j + 257, 113 = 4*j + f - 114. List the prime factors of j.
2, 29
Suppose -q = 1 + 1. Suppose 2 + 3 = 5*j. What are the prime factors of -3 + j + (-10)/q?
3
Let v be (-9 + -1)*1/(-2). Let s(a) = 318*a - 160*a - 156*a - 4. List the prime factors of s(v).
2, 3
Suppose 6*v + 3*v = 36. What are the prime factors of v?
2
Let k = -9 + 20. Suppose -2*h + s - 10 = h, -4*h - s = k. Let u(b) = -b**3 - 4*b**2 - 5*b - 4. What are the prime factors of u(h)?
2
Suppose 0 = 4*t - 7*t + 6. Let v(z) = 0*z - t*z - 2 + 0*z. List the prime factors of v(-2).
2
Let x be (3/(-4))/(5/20). Let b be -2*(-3)/18*x. What are the prime factors of ((-24 + -2)/2)/b?
13
Let c(u) be the third derivative of u**6/120 + u**5/10 + u**4/24 + 5*u**3/6 + 3*u**2. Let d be c(-6). List the prime factors of d/(2*3/(-36)).
2, 3
Let f(w) = w**3 - 16*w**2 + 15*w - 12. Let p be f(15). Let n = p + 27. What are the prime factors of n?
3, 5
Let q(p) = -p**3 - 26*p**2 + 22*p + 11. What are the prime factors of q(-27)?
2, 73
Let l = 0 + 3. Suppose 0*x - x + 5*y + 16 = 0, l*y = -3*x - 6. Let m(w) = 11*w**3. List the prime factors of m(x).
11
Suppose 0 = f - 7*f + 234. List the prime factors of f.
3, 13
Let f(s) = 16*s. Let l be f(1). What are the prime factors of (l/(-10))/(8/(-20))?
2
Suppose 8 - 24 = -4*r. Suppose 0*u = 3*u + 3*j - 66, -3*u + 38 = -r*j. What are the prime factors of u?
2, 3
Let k be (-85)/(-1) + -6 + 2. Suppose -5*d = 16 - k. List the prime factors of d.
13
Let p be 3 - -3 - 4 - 81. Let u = p - -118. List the prime factors of u.
3, 13
Suppose 0 = -d - 2*d + 5*r + 1, 2*r + 16 = -4*d. What are the prime factors of (-1 - -23)*(d - -4)?
2, 11
Let l be (-6)/(-5 + 2) - 32. Let p = -8 - l. What are the prime factors of p?
2, 11
Let p(m) = 8*m + 0*m - m - 2. Let g = -11 + 13. List the prime factors of p(g).
2, 3
Let z(i) = 7*i**3 - i**2 + 2*i - 1. Let x(s) = s**3 - s**2 + 1. Let a = 1 - 1. Let w be x(a). What are the prime factors of z(w)?
7
Let h(d) = d - 2. Let k be h(4). Let j be (-5 + 0)*2/(-5). Suppose u = k*w - 15, w - u = -j*w + 25. What are the prime factors of w?
2, 5
Suppose 0*r = -r - 30. Let l = -15 - r. What are the prime factors of l?
3, 5
Let a be -3 + 148/(-24) + 2/12. Suppose 5 = 4*h - 63. Let y = h + a. What are the prime factors of y?
2
Let d(f) be the third derivative of f**5/60 + f**4/6 